?
False
Is 391 a factor of 184395?
False
Does 691 divide 646085?
True
Is 4555826 a multiple of 184?
False
Is 175 a factor of 1656796?
False
Is 606021 a multiple of 238?
False
Is 10 a factor of 142186?
False
Does 81 divide 43391?
False
Does 6 divide 1454293?
False
Does 87 divide 489723?
True
Is 4 a factor of 709799?
False
Does 26 divide 649385?
False
Does 1080 divide 3237840?
True
Does 207 divide 2641888?
False
Is 47878 a multiple of 37?
True
Does 55 divide 257730?
True
Is 24 a factor of 155784?
True
Is 1042261 a multiple of 89?
False
Does 61 divide 1685003?
True
Is 153311 a multiple of 199?
False
Is 53810 a multiple of 6?
False
Is 7 a factor of 353556?
True
Is 167634 a multiple of 18?
True
Does 124 divide 2146936?
True
Is 27 a factor of 1981600?
False
Is 168876 a multiple of 21?
False
Is 295009 a multiple of 143?
True
Is 27 a factor of 1182668?
False
Is 1975828 a multiple of 38?
False
Is 1416403 a multiple of 59?
False
Is 149 a factor of 565485?
False
Does 28 divide 77925?
False
Is 55360 a multiple of 16?
True
Does 10 divide 175830?
True
Is 974394 a multiple of 26?
False
Is 17 a factor of 711416?
True
Is 219204 a multiple of 13?
False
Is 1166029 a multiple of 237?
False
Is 11043860 a multiple of 33?
False
Is 176325 a multiple of 27?
False
Is 4 a factor of 5510744?
True
Is 885896 a multiple of 88?
True
Does 364 divide 37492?
True
Is 10027 a multiple of 31?
False
Is 8 a factor of 3069233?
False
Does 202 divide 968994?
True
Is 65254 a multiple of 118?
True
Does 7 divide 859495?
True
Does 33 divide 91113?
True
Is 201407 a multiple of 3?
False
Is 11396 a multiple of 308?
True
Is 222634 a multiple of 219?
False
Does 175 divide 478975?
True
Does 129 divide 189331?
False
Is 204174 a multiple of 57?
True
Does 65 divide 954666?
False
Is 1409850 a multiple of 450?
True
Does 8 divide 198312?
True
Is 182 a factor of 373464?
True
Is 32 a factor of 31547?
False
Is 354453 a multiple of 11?
True
Is 59627 a multiple of 29?
False
Does 317 divide 566796?
True
Does 11 divide 176319?
True
Does 284 divide 193688?
True
Does 103 divide 10093279?
True
Does 490 divide 611987?
False
Is 23436616 a multiple of 367?
False
Does 146 divide 1805874?
True
Does 3 divide 824098?
False
Does 12 divide 589636?
False
Does 64 divide 789056?
True
Is 673025 a multiple of 194?
False
Is 10036768 a multiple of 32?
True
Is 7 a factor of 29610?
True
Is 1142264 a multiple of 629?
True
Is 129591 a multiple of 153?
True
Is 404 a factor of 231685?
False
Is 1061783 a multiple of 519?
False
Does 92 divide 173696?
True
Is 110 a factor of 209110?
True
Does 115 divide 835149?
False
Is 21 a factor of 438522?
True
Does 11 divide 106615?
False
Is 9711 a multiple of 39?
True
Is 14 a factor of 232103?
False
Does 46 divide 2243463?
False
Does 231 divide 227535?
True
Does 28 divide 9439388?
True
Does 11 divide 921568?
False
Is 9 a factor of 104303?
False
Is 271 a factor of 81571?
True
Is 9 a factor of 142971?
False
Is 56342 a multiple of 118?
False
Is 5050989 a multiple of 153?
True
Does 113 divide 133747?
False
Does 371 divide 147766?
False
Is 142044 a multiple of 84?
True
Is 43932 a multiple of 84?
True
Does 18 divide 66036?
False
Does 8 divide 4393456?
True
Is 1422702 a multiple of 331?
False
Is 16549 even?
False
Is 78 a factor of 91884?
True
Does 24 divide 2411401?
False
Is 3313656 a multiple of 36?
True
Is 86718 a multiple of 4?
False
Is 1660 a factor of 11165160?
True
Is 37 a factor of 5195503?
True
Does 12 divide 7395308?
False
Is 36 a factor of 391943?
False
Is 115 a factor of 2371645?
True
Is 10865157 a multiple of 479?
True
Does 196 divide 344985?
False
Is 607182 a multiple of 347?
False
Is 3 a factor of 31335?
True
Is 43 a factor of 171136?
False
Is 407361 a multiple of 23?
False
Does 65 divide 632385?
True
Is 574 a factor of 8117508?
True
Is 21254010 a multiple of 681?
True
Does 236 divide 1337447?
False
Is 204 a factor of 602616?
True
Does 62 divide 4666740?
True
Is 19 a factor of 265116?
False
Is 28712 a multiple of 37?
True
Does 59 divide 28840?
False
Does 115 divide 5184890?
True
Is 14974992 a multiple of 36?
True
Is 29 a factor of 697247?
True
Is 20 a factor of 4194812?
False
Does 92 divide 1990604?
True
Is 69136 a multiple of 16?
True
Is 106759 a multiple of 2?
False
Is 1314700 a multiple of 10?
True
Is 1414486 a multiple of 80?
False
Is 236 a factor of 542406?
False
Is 350 a factor of 10482150?
True
Does 33 divide 2805726?
True
Does 1015 divide 10053575?
True
Does 232 divide 724783?
False
Is 6034071 a multiple of 111?
True
Is 6 a factor of 259060?
False
Does 17 divide 26567?
False
Is 2058312 a multiple of 556?
True
Does 346 divide 196874?
True
Does 5 divide 1687776?
False
Is 27 a factor of 1059?
False
Is 8300 a multiple of 6?
False
Is 71 a factor of 2598416?
False
Is 13 a factor of 1319006?
True
Is 90 a factor of 1824120?
True
Is 10116044 a multiple of 1447?
False
Is 112 a factor of 37062?
False
Does 161 divide 9940761?
False
Does 57 divide 819261?
True
Does 61 divide 206424?
True
Does 91 divide 48426?
False
Does 23 divide 314065?
True
Is 2833798 a multiple of 17?
True
Is 47 a factor of 5967622?
False
Is 3 a factor of 159837?
True
Is 715 a factor of 1167595?
True
Is 1903335 a multiple of 49?
False
Is 1186892 a multiple of 19?
True
Is 121365 a multiple of 465?
True
Does 30 divide 3218040?
True
Is 1839138 a multiple of 42?
True
Is 5 a factor of 42403?
False
Does 423 divide 481570?
False
Does 2 divide 13748?
True
Is 31 a factor of 932046?
True
Is 103076 a multiple of 292?
True
Is 124 a factor of 4777100?
True
Is 480 a factor of 315840?
True
Is 3787140 a multiple of 42?
True
Does 1121 divide 1484?
False
Is 249 a factor of 76443?
True
Does 318 divide 14628?
True
Is 1038046 a multiple of 24?
False
Is 1735917 a multiple of 1381?
True
Does 15 divide 459840?
True
Is 419185 a multiple of 8?
False
Is 393 a factor of 424440?
True
Does 10 divide 55320?
True
Is 132 a factor of 3815064?
True
Does 34 divide 14858?
True
Is 525 a factor of 2790831?
False
Is 885519 a multiple of 2?
False
Is 924457 a multiple of 6?
False
Is 2249995 a multiple of 121?
True
Is 59 a factor of 2584238?
False
Does 45 divide 2215802?
False
Is 5438 a multiple of 5?
False
Is 45 a factor of 646650?
True
Does 22 divide 9962568?
True
Is 4459770 a multiple of 15?
True
Is 15 a factor of 743295?
True
Is 1802589 a multiple of 130?
False
Is 173340 a multiple of 108?
True
Does 258 divide 2166042?
False
Is 227370 a multiple of 143?
True
Is 460 a factor of 12584000?
False
Is 195 a factor of 160496?
False
Is 517 a factor of 422389?
True
Does 10 divide 2746977?
False
Is 13 a factor of 1554198?
False
Is 3208262 a multiple of 419?
False
Is 11 a factor of 299637?
False
Is 196 a factor of 1799476?
True
Does 195 divide 881010?
True
Is 8041458 a multiple of 12?
False
Is 9367 a multiple of 29?
True
Is 10395 even?
False
Is 301 a factor of 323274?
True
Is 6617676 a multiple of 11?
False
Does 180 divide 239580?
True
Does 5 divide 1817549?
False
Does 46 divide 561706?
True
Does 9 divide 2672198?
False
Is 6048 a multiple of 27?
True
Is 58739 a multiple of 316?
False
Is 6076793 a multiple of 255?
False
Does 39 divide 76518?
True
Is 71 a factor of 6834886?
True
Does 6 divide 1491804?
True
Is 98 a factor of 12621812?
True
Is 267291 a multiple of 68?
False
Does 189 divide 133623?
True
Is 11405839 a multiple of 271?
False
Is 493 a factor of 64970?
False
Is 12 a factor of 3107124?
True
Does 9 divide 24471?
True
Is 13 a factor of 311421?
False
Does 15 divide 3089477?
False
Does 259 divide 151774?
True
Is 746938 even?
True
Is 33894 a multiple of 4?
False
Is 337106 a multiple of 72?
False
Is 31 a factor of 59355?
False
Does 52 divide 307866?
False
Is 2051616 a multiple of 32?
True
Is 25 a factor of 56093?
False
Is 107912 a multiple of 41?
True
Does 590 divide 1228380?
True
Is 379768 a multiple of 139?
False
Does 246 divide 6080629?
False
Is 2464 a multiple of 2?
True
Is 24 a factor of 113856?
True
Is 86 a factor of 2892132?
False
Is 19 a factor of 128136?
True
Is 5572 a multiple of 14?
True
Is 55 a factor of 198155?
False
Is 14 a factor of 58786?
True
Does 29 divide 286122?
False
Is 104142 a multiple of 93?
False
Is 52 a factor of 13009100?
True
Does 44 divide 68640?
True
Does 22 divide 22521?
False
Does 28 divide 1039635?
False
Is 104163 a multiple of 19?
Fals